he third derivative of -1/8*f**4 + 0*f + 0 + 1/120*f**6 - 1/20*f**5 - 2*f**2 - 1/2*f**3. Calculate c(4).
1
Let o(y) = -y**2 + 9*y + 1. Let h(x) = -5*x**2 + 46*x + 5. Let p(i) = h(i) - 4*o(i). What is p(11)?
-10
Let g(w) = 7*w + 6. Let u(p) = 10*p + 9. Let l(f) = 7*g(f) - 5*u(f). Let o(y) = -y. Let m(a) = -l(a) + 5*o(a). Let z = 9 + -6. What is m(z)?
-9
Let o(w) = 3*w + 2. Let u(k) = -2*k**3 + k - 1. Let j = -43 - -44. Let q be u(j). Calculate o(q).
-4
Let h = 16 - 11. Let n(t) = -t**3 + 4*t**2 + 5*t + 6. Give n(h).
6
Let q be (-4)/(-14) - (-48)/28. Suppose -5*t + 15 = 5*z, 7*t - 5*z - 25 = q*t. Let m(d) = -1. Let f(j) = -j - 3. Let a(x) = -f(x) + 5*m(x). Calculate a(t).
2
Let p(q) = q - 38. Let m be p(38). Let k(h) = -h - 6. Give k(m).
-6
Let t(i) = -4*i + 3*i - 2*i**2 - 3*i + 2*i - 1. Let z = 68 - 70. Determine t(z).
-5
Suppose 0 = -3*l - 7 + 1. Let q = 8 + l. Let v(i) be the first derivative of i**4/4 - 2*i**3 + 8*i - 168. What is v(q)?
8
Let i = 7 + -3. Let c = i + -16. Let k be 2 - 10 - c/6. Let h(t) = t**2 + 6*t. What is h(k)?
0
Let y = -10 - -12. Suppose 4*b + 23 = 5*j + 2, -3*j = y*b - 17. Suppose 0 = 9*l - j*l + 8. Let m(t) = -3*t**2 - 4*t - 3. Calculate m(l).
-7
Let w(a) be the third derivative of 0 - 1/60*a**5 + 3*a**2 + 0*a + 1/24*a**4 + 5/3*a**3. Give w(0).
10
Let o be (1 + 4)*90/75. Let d(j) = -4*j + 4. Give d(o).
-20
Let q(s) = 5*s**3 - s**2 + 3*s - 4. Let v(j) = 4*j**3 - 3*j**2 + 4*j - 4. Let l(t) = 3*q(t) - 4*v(t). What is l(8)?
12
Let q(i) = -13*i**2 + 2*i + 3. Let j(o) = -8*o**2 + o + 1. Let m(b) = -5*j(b) + 3*q(b). Calculate m(-5).
24
Let x(n) = -2*n. Let l be x(-3). Suppose 5*k + l = -9. Let r(m) = -1 + 3 - 26*m**3 + 2*m**2 - 3*m + 27*m**3. What is r(k)?
2
Let h(c) = c**3 + 2*c**2 - 4*c + 1. Let r = 23 + -32. Suppose 2*y + 14 = 2*b, 2*y + 1 = 4*y - 5*b. Let t = y - r. Determine h(t).
4
Let m = -28 - -25. Let f(b) = -5*b - 12. Let s be f(m). Let v(x) = x**2 - 2*x - 2. Give v(s).
1
Let q = -74 - -73. Let h(o) = 12*o + 1. Give h(q).
-11
Let w(k) be the third derivative of -k**4/8 - 11*k**3/6 - 56*k**2. Determine w(-5).
4
Let p = -127 - -124. Let b be (0 - -2) + (1 - p - 11). Let g(r) = r**3 + 7*r**2 + 3*r - 7. Give g(b).
28
Let b(l) be the second derivative of l**6/120 - 7*l**5/60 + l**3/6 + 4*l**2 + 14*l. Let j(v) be the first derivative of b(v). Calculate j(7).
1
Let s(w) be the third derivative of -w**5/60 - w**4/12 - w**3 + 34*w**2. Determine s(-5).
-21
Suppose -54*a + 21 = -33*a. Let i(u) = -u**2 + 2*u - 1. What is i(a)?
0
Let v(k) = k**3 + 4*k**2 - 6*k + 1. Let j be -2*(27/(-6))/3. Suppose 0 = -j*t + 16 + 23. Let u = 8 - t. What is v(u)?
6
Let b(n) = -n - 3 - 4 + 2*n. Let g(y) = -y**3 + 14*y**2 - 44*y + 252. Let r be g(12). Determine b(r).
5
Let s(g) = 5*g**2 - g + 1. Let u be 56/(-12)*6/(-14). What is s(u)?
19
Let m = -1659 + 1653. Let i(r) = -2*r - 5. Determine i(m).
7
Let k(l) = 2*l**2 - 6*l + 3. Let i be (-171)/(-45) - (-2)/10. Suppose i*g - 2*g = 8. Determine k(g).
11
Suppose -16 = -0*f + 8*f. Let r be (-2 - -7)/(f/(-2)). Let h(n) = -n**2 + 2*n + 7. What is h(r)?
-8
Let i be 0 + -2 + 1*9. Suppose 3*d = 4*r - i, -d - 10 = -5. Let x(v) = -61*v + 144*v - 55*v - 32*v - 2 + 1. Give x(r).
7
Let v(l) be the first derivative of -l**4/4 + 5*l**3/3 - 3*l**2/2 + 3*l + 53. Let u(q) = -q**3 - 5*q**2 + 4*q - 8. Let r be u(-6). Calculate v(r).
7
Let u(w) = -w**3 + 7*w**2 + 6*w + 5. Suppose 15 = 5*n, 3*g - g - 22 = -2*n. Give u(g).
-11
Let p(w) = 3*w - 2. Let t(y) = 2*y**2 - 17*y + 28. Let u be t(7). Give p(u).
19
Let w(c) = 4*c - 2 + 8*c + 1. Suppose -377 = 5*r - 382. Calculate w(r).
11
Let o(w) = -w**2 + 6*w + 4. Let i be 48/(-20)*(-10)/4. Suppose -s + 7 + i = 5*b, 4*b = 2*s - 12. Calculate o(s).
-12
Let n(l) = -l**3 - 14*l**2 + 14*l - 22. Let r be n(-15). Let v(g) = 3 - 6*g - 4*g**2 - 4 + 3*g**2. Give v(r).
-8
Let w = -452 + 459. Let g(o) = -o**3 + 8*o**2 - 6*o + 2. Calculate g(w).
9
Let b(v) = -v - 9. Let x(j) = j + 24. Let r be x(-24). Calculate b(r).
-9
Let x(w) be the first derivative of w**7/840 - w**6/40 + 7*w**5/120 + 5*w**4/24 + 20*w**3/3 - 3. Let h(i) be the third derivative of x(i). Determine h(8).
-3
Let v(f) = -2*f**3 - 9*f**2 + 8*f + 12. Let s be v(-5). Let b(p) be the second derivative of 0 - 3/2*p**2 - 1/6*p**3 + 3*p. Calculate b(s).
0
Let d(t) = t**3 - 11*t**2 - 13*t + 17. Let l be d(12). Suppose 2*a + 4*q = 22, l*a + 4*q - 19 = 3*q. Let z(o) = o**3 - 5*o**2 + 4*o - 3. Calculate z(a).
-9
Let z be 2 + 0 + 1 - 6/3. Let q(h) = 20*h**3 - 2*h + 1. Determine q(z).
19
Let w(l) be the second derivative of -l**4/12 - 3*l**2 - l. Let a be (60/50)/(6/100). Suppose 3*f - a = -4*b, -5*f - 3*b = -f - 15. Determine w(f).
-6
Suppose 0 = 3*i + 2*i. Let l = i + 3. Let b(y) = -7*y**2 - 6. Let j(c) = -9*c**2 - 7. Let d(s) = 5*b(s) - 4*j(s). What is d(l)?
7
Let m(c) = -c + 0*c - 10 - 2*c + 6*c. Let v be m(5). Let s(f) = -v*f - 4*f**2 - f - 1 + 3*f**2. Give s(-6).
-1
Let b(g) = -9*g - 8. Let u(c) = 15*c + 19. Let t(q) = -5*b(q) - 2*u(q). Calculate t(-2).
-28
Let b(j) be the second derivative of j**8/960 + j**7/2520 - j**6/720 + 11*j**4/12 + j**3/6 + 29*j. Let y(d) be the third derivative of b(d). Calculate y(1).
7
Suppose -112 = -12*d + 272. Let k be (4/(d/20))/((-2)/(-4)). Let c(g) = g**2 - 5*g + 2. Give c(k).
2
Let b(v) = 4*v + 5. Let o be b(-1). Let j(u) = 0*u**2 - o - u**2 - 1. Determine j(-2).
-6
Let i(p) be the second derivative of -2*p**2 + 0 + 4/3*p**3 + 1/20*p**5 - 1/2*p**4 + 32*p. Let k be (-5)/2*2/(-1). What is i(k)?
11
Let q(y) = -y - 2. Suppose 0 = 42*x - 37*x. Suppose x = 4*s - a + 3, s = -s + 5*a - 15. Calculate q(s).
-2
Suppose p + 3*r = 4, 3*r - 23 = -3*p + 5*r. Let a be 2/(18/(-15))*-18. Suppose p*f + a = 2*f. Let b(k) = k**2 + 4*k - 5. Calculate b(f).
7
Let y be ((-190)/152 + 1/(-4))*-4. Let h(k) = -k**3 + 7*k**2 - 9*k + 13. Give h(y).
-5
Suppose q + 19 = 4*k, -3*q + 13 = 3*k - 4*q. Let p(a) = a**3 - 6*a**2 + a - 4. Calculate p(k).
2
Suppose 16*h = 20*h + 4. Let q(w) = 4*w + 8. Give q(h).
4
Let d be (-97)/(-6) + (-45)/270. Let l(g) = g - 12. Determine l(d).
4
Let r(b) = b**2 + 8*b + 3. Let v = 46 + -52. Calculate r(v).
-9
Let o(q) be the second derivative of 2/3*q**3 + 1/12*q**4 + 0 + 5/2*q**2 - 7*q. Determine o(-4).
5
Let v(g) = -4*g - 2. Let b(p) = -p - 3. Let w(x) = -3*b(x) + 4*v(x). Determine w(1).
-12
Let i(j) be the second derivative of 11*j + 1/2*j**2 + 0 - 4/3*j**3. Calculate i(1).
-7
Let s(a) = 696 - 698 + 2*a - 4*a. Determine s(-6).
10
Let z(f) be the third derivative of -1/6*f**3 + 0 + 1/24*f**4 + 0*f + 62*f**2. Let h = 5 + -1. Give z(h).
3
Suppose -2*f - 2*f = 3*f. Suppose -5*c + f = -5*w - 5, -3*w - 4*c = 3. Let q(i) be the third derivative of -11*i**4/24 - i**2. Determine q(w).
11
Let g(r) = r + 2. Let q be (60/(-25))/((-4)/(-240)). Let y = q - -140. Give g(y).
-2
Let o(h) = -14*h**2 + 3*h - 20. Let d(v) = -11*v**2 + 2*v - 22. Let s(x) = -5*d(x) + 4*o(x). Determine s(0).
30
Let j(p) = -11*p + 8. Let f(d) = -6*d + 5. Let c(o) = 5*f(o) - 3*j(o). Determine c(4).
13
Suppose 1 = 5*m + 21. Let b(w) be the third derivative of -w**5/60 - 5*w**4/24 - 2*w**3/3 + 2138*w**2. Determine b(m).
0
Let o(b) = -b**3 + 9*b**2 - 4344*b + 2175*b - 15 + 2179*b. Determine o(10).
-15
Let z(p) = 3*p**3 - p**2 + 4*p - 5. Let q be z(2). Let l(k) = 12*k + 10*k + 5 + 2 - q*k. Give l(-5).
12
Let u(a) = a**3 - 3*a**2 - 4*a + 4. Let z(w) = -33*w**2 + 2*w + 2. Suppose -x = 5*g - 4*g, -5*g = 4*x - 2. Let p be z(g). Let n be 4/(-6) - p/27. What is u(n)?
4
Let x be 18/5 - (-2)/5. Suppose 0 = w + 2*m - 5*m + 4, -5*m = 4*w - 18. Let g(f) = -5*f + f**2 + 3 + 3*f + w*f - 3*f. Give g(x).
7
Let y(g) = 9*g + 8*g**2 + 6*g - 18*g + 7*g + 12 - 6*g**2. Calculate y(-4).
28
Let m(w) be the first derivative of w**3 - w**2 - 3*w - 15. Let z be m(-1). Let q(h) = -h**2 + 5*h - 3. Give q(z).
3
Let h = 1005 - 1003. Let u(z) = -2*z - 4. Give u(h).
-8
Let l(p) = 3*p**2 - 2*p + 1. Let z = -190 + 192. Calculate l(z).
9
Let g(m) be the second derivative of m**3/3 - 5*m**2 - 5262*m. Suppose b = 0, -b = -4*p - 6*b + 28. Give g(p).
4
Let q(n) = 3*n**2 - 3*n - 1. Let o(d) = -7*d**2 + 7*d + 2. Let j(b) = -2*o(b) - 5*q(b). What is j(2)?
-1
Let v(l) = l + 36. Let y be v(28). Let s = y - 68. Let k(p) = p**3 + 3*p**2 - 5*p - 6. What is k(s)?
-2
Let o(j) be the first